{"id":205,"date":"2022-12-27T23:34:50","date_gmt":"2022-12-27T23:34:50","guid":{"rendered":"http:\/\/pedrobaldansa.com.br\/?page_id=205"},"modified":"2023-01-09T00:23:13","modified_gmt":"2023-01-09T00:23:13","slug":"about-2","status":"publish","type":"page","link":"https:\/\/pedrobaldansa.com.br\/?page_id=205","title":{"rendered":"About"},"content":{"rendered":"\t\t<div data-elementor-type=\"wp-page\" data-elementor-id=\"205\" class=\"elementor elementor-205\">\n\t\t\t\t\t\t<section class=\"has_ae_slider elementor-section elementor-top-section elementor-element elementor-element-4dcec78 elementor-section-height-min-height elementor-section-full_width elementor-section-height-default elementor-section-items-middle ae-bg-gallery-type-default\" data-id=\"4dcec78\" data-element_type=\"section\" data-settings=\"{&quot;background_background&quot;:&quot;classic&quot;,&quot;shape_divider_bottom&quot;:&quot;mountains&quot;}\">\n\t\t\t\t\t\t\t<div class=\"elementor-background-overlay\"><\/div>\n\t\t\t\t\t\t<div class=\"elementor-shape elementor-shape-bottom\" aria-hidden=\"true\" data-negative=\"false\">\n\t\t\t<svg xmlns=\"http:\/\/www.w3.org\/2000\/svg\" viewBox=\"0 0 1000 100\" preserveAspectRatio=\"none\">\n\t<path class=\"elementor-shape-fill\" opacity=\"0.33\" d=\"M473,67.3c-203.9,88.3-263.1-34-320.3,0C66,119.1,0,59.7,0,59.7V0h1000v59.7 c0,0-62.1,26.1-94.9,29.3c-32.8,3.3-62.8-12.3-75.8-22.1C806,49.6,745.3,8.7,694.9,4.7S492.4,59,473,67.3z\"\/>\n\t<path class=\"elementor-shape-fill\" opacity=\"0.66\" d=\"M734,67.3c-45.5,0-77.2-23.2-129.1-39.1c-28.6-8.7-150.3-10.1-254,39.1 s-91.7-34.4-149.2,0C115.7,118.3,0,39.8,0,39.8V0h1000v36.5c0,0-28.2-18.5-92.1-18.5C810.2,18.1,775.7,67.3,734,67.3z\"\/>\n\t<path class=\"elementor-shape-fill\" d=\"M766.1,28.9c-200-57.5-266,65.5-395.1,19.5C242,1.8,242,5.4,184.8,20.6C128,35.8,132.3,44.9,89.9,52.5C28.6,63.7,0,0,0,0 h1000c0,0-9.9,40.9-83.6,48.1S829.6,47,766.1,28.9z\"\/>\n<\/svg>\t\t<\/div>\n\t\t\t\t\t<div class=\"elementor-container elementor-column-gap-no\">\n\t\t\t\t\t<div class=\"has_ae_slider elementor-column elementor-col-100 elementor-top-column elementor-element elementor-element-671ec482 animated-slow ae-bg-gallery-type-default elementor-invisible\" data-id=\"671ec482\" data-element_type=\"column\" data-settings=\"{&quot;animation&quot;:&quot;fadeIn&quot;}\">\n\t\t\t<div class=\"elementor-widget-wrap elementor-element-populated\">\n\t\t\t\t\t\t<div class=\"elementor-element elementor-element-4fc207d5 elementor-absolute animated-slow elementor-widget__width-inherit elementor-invisible elementor-widget elementor-widget-heading\" data-id=\"4fc207d5\" data-element_type=\"widget\" data-settings=\"{&quot;_position&quot;:&quot;absolute&quot;,&quot;_animation&quot;:&quot;fadeIn&quot;}\" data-widget_type=\"heading.default\">\n\t\t\t\t<div class=\"elementor-widget-container\">\n\t\t\t\t\t<h1 class=\"elementor-heading-title elementor-size-default\">Quem \u00e9 \nPedro Baldansa<\/h1>\t\t\t\t<\/div>\n\t\t\t\t<\/div>\n\t\t\t\t\t<\/div>\n\t\t<\/div>\n\t\t\t\t\t<\/div>\n\t\t<\/section>\n\t\t\t\t<section class=\"has_ae_slider elementor-section elementor-top-section elementor-element elementor-element-3106bf1 elementor-section-full_width elementor-section-stretched elementor-section-height-default elementor-section-height-default ae-bg-gallery-type-default\" data-id=\"3106bf1\" data-element_type=\"section\" data-settings=\"{&quot;stretch_section&quot;:&quot;section-stretched&quot;}\">\n\t\t\t\t\t\t<div class=\"elementor-container elementor-column-gap-no\">\n\t\t\t\t\t<div class=\"has_ae_slider elementor-column elementor-col-100 elementor-top-column elementor-element elementor-element-431d866 ae-bg-gallery-type-default\" data-id=\"431d866\" data-element_type=\"column\" data-settings=\"{&quot;background_background&quot;:&quot;classic&quot;}\">\n\t\t\t<div class=\"elementor-widget-wrap elementor-element-populated\">\n\t\t\t\t\t\t<section class=\"has_ae_slider elementor-section elementor-inner-section elementor-element elementor-element-71e2044 elementor-section-boxed elementor-section-height-default elementor-section-height-default ae-bg-gallery-type-default\" data-id=\"71e2044\" data-element_type=\"section\" data-settings=\"{&quot;background_background&quot;:&quot;classic&quot;}\">\n\t\t\t\t\t\t<div class=\"elementor-container elementor-column-gap-default\">\n\t\t\t\t\t<div class=\"has_ae_slider elementor-column elementor-col-100 elementor-inner-column elementor-element elementor-element-8460f24 ae-bg-gallery-type-default\" data-id=\"8460f24\" data-element_type=\"column\" data-settings=\"{&quot;background_background&quot;:&quot;classic&quot;}\">\n\t\t\t<div class=\"elementor-widget-wrap elementor-element-populated\">\n\t\t\t\t\t\t<div class=\"elementor-element elementor-element-6ed4a1a elementor-widget elementor-widget-text-editor\" data-id=\"6ed4a1a\" data-element_type=\"widget\" data-widget_type=\"text-editor.default\">\n\t\t\t\t<div class=\"elementor-widget-container\">\n\t\t\t\t\t\t\t\t\t<p>Sensitivo que previu derrota de Trump nos EUA e nomes dos prefeitos brasileiros em 2020 crava fim da era Bolsonaro<\/p><p>O carioca Pedro Henrique Baldansa de Albuquerque chama aten\u00e7\u00e3o no Youtube com previs\u00f5es corretas sobre a pol\u00edtica do Brasil e no mundo e os n\u00fameros do COVID-19 desde seu in\u00edcio no fim de 2019. Suas \u00faltimas an\u00e1lises indicaram o resultado da elei\u00e7\u00e3o municipal de 2020 de 25 das 26 capitais brasileiras.<\/p><p>No seu canal nas redes sociais, o jovem de 24 anos informa semanalmente a situa\u00e7\u00e3o da pandemia por estado e em outros pa\u00edses, onde tamb\u00e9m atende de forma virtual. Os seguidores de Pedro Baldansa j\u00e1 est\u00e3o cientes da previs\u00e3o para a elei\u00e7\u00e3o brasileira de 2022 com a derrocada do atual mandat\u00e1rio brasileiro nas urnas.<\/p><p>&#8221;O &#8216;Ser das Trevas&#8217;, como me refiro ao atual presidente do Brasil, tem uma energia p\u00e9ssima, mas isso n\u00e3o precisa ser vidente para prever. Se a elei\u00e7\u00e3o fosse hoje perderia e em 2022 n\u00e3o conseguiria derrotar em segundo turno nenhum dos poss\u00edveis presidenci\u00e1veis, seja Lula, Ciro Gomes ou at\u00e9 mesmo Jo\u00e3o D\u00f3ria&#8221;.<\/p><p>Pedro \u00e9 sensitivo, vidente e clarividente. Al\u00e9m de utilizar or\u00e1culos para fazer suas leituras, o youtuber tamb\u00e9m utiliza a numerologia e a astrologia para nortear suas previs\u00f5es. O diferencial fica por conta de alguns fatores: como a empatia, a sinceridade acima de tudo e a vis\u00e3o macro.<\/p><p>O jovem carioca trabalha com alguns tipos de cartas: baralhos, Tarot e Or\u00e1culos, l\u00ea runas e dados tamb\u00e9m. As consultas s\u00e3o por meio da numerologia e da astrologia com conhecimentos adquiridos de Radiestesia, Radi\u00f4nica, F\u00edsica Qu\u00e2ntica, Feng Shui e sobretudo, magia<\/p><p>&#8221;Comecei a ler cartas entre os 13 e 14 anos. E permane\u00e7o desde ent\u00e3o. Tendo come\u00e7ado a ver e conversar com esp\u00edritos aos 4 anos de idade. Aos 10 eu j\u00e1 estudava de forma autodidata sobre espiritualidade, religi\u00f5es, cren\u00e7as e sobre paranormalidade&#8221;, completou Pedro Henrique Baldansa.<\/p><p>Os grandes protestos nos EUA sobre quest\u00f5es raciais, como o &#8216;Black Lives Matter&#8217;, foram informados antes mesmo de ocorrer. A vit\u00f3ria de Joe Biden contra Donald Trump estava em suas previs\u00f5es, bem como a escolha de Kamala Harris para vice.<\/p><p>&#8221;Consigo dar orienta\u00e7\u00f5es para pessoas de qualquer classe social, g\u00eanero, cren\u00e7a e idade, passando por temas com leveza e franqueza&#8221;, concluiu Pedro Henrique Baldansa.<\/p><h5>Sobre Pedro Baldansa<\/h5><p>Pedro Henrique Baldansa \u00e9 Vidente, Oraculista (Cartas, Runas, Dados), Numer\u00f3logo, Astr\u00f3logo, Sensitivo, Mestre em Reiki, Coach Espiritual, YouTuber<\/p><p>Seus primeiros dons vieram aos 4 anos, vendo esp\u00edritos de parentes falecidos (inclusive alguns que n\u00e3o conheceu) que mandavam recados ou brincavam com ele. As previs\u00f5es tamb\u00e9m vieram cedo, desde muito novo. Pedro se diz Cigano de alma, seguidor do Culto Espiritual do Povo Cigano, Polite\u00edsta e Bruxo. O sensitivo trabalha com espiritualidade desde os 14 anos<\/p><blockquote><h5 style=\"text-align: center;\">Acesso ao canal\u00a0<\/h5><\/blockquote><p style=\"text-align: center;\"><span style=\"color: #590059;\"><a style=\"color: #590059;\" href=\"https:\/\/www.youtube.com\/channel\/UCsU2mfdWsqr2FAbA5ZoN_pg\/featured\"><b>Youtube<\/b><\/a><\/span><br \/>Mais informa\u00e7\u00f5es &#8211; <strong>(21) 97906-4248 <\/strong>ou <span style=\"color: #590059;\"><a style=\"color: #590059;\" href=\"https:\/\/whats.link\/pedrobaldansa\"><strong>Whatsapp<\/strong><\/a><\/span> <br \/>Instagram: <span style=\"color: #590059;\"><strong>@pedrobaldansa<\/strong><\/span><\/p>\t\t\t\t\t\t\t\t<\/div>\n\t\t\t\t<\/div>\n\t\t\t\t\t<\/div>\n\t\t<\/div>\n\t\t\t\t\t<\/div>\n\t\t<\/section>\n\t\t\t\t\t<\/div>\n\t\t<\/div>\n\t\t\t\t\t<\/div>\n\t\t<\/section>\n\t\t\t\t<\/div>\n\t\t","protected":false},"excerpt":{"rendered":"<p>Quem \u00e9 Pedro Baldansa Sensitivo que previu derrota de Trump nos EUA e nomes dos prefeitos brasileiros em 2020 crava fim da era Bolsonaro O carioca Pedro Henrique Baldansa de Albuquerque chama aten\u00e7\u00e3o no Youtube com previs\u00f5es corretas sobre a pol\u00edtica do Brasil e no mundo e os n\u00fameros do COVID-19 desde seu in\u00edcio no [&hellip;]<\/p>\n","protected":false},"author":2,"featured_media":0,"parent":0,"menu_order":0,"comment_status":"closed","ping_status":"closed","template":"","meta":{"footnotes":""},"class_list":["post-205","page","type-page","status-publish","hentry"],"_links":{"self":[{"href":"https:\/\/pedrobaldansa.com.br\/index.php?rest_route=\/wp\/v2\/pages\/205","targetHints":{"allow":["GET"]}}],"collection":[{"href":"https:\/\/pedrobaldansa.com.br\/index.php?rest_route=\/wp\/v2\/pages"}],"about":[{"href":"https:\/\/pedrobaldansa.com.br\/index.php?rest_route=\/wp\/v2\/types\/page"}],"author":[{"embeddable":true,"href":"https:\/\/pedrobaldansa.com.br\/index.php?rest_route=\/wp\/v2\/users\/2"}],"replies":[{"embeddable":true,"href":"https:\/\/pedrobaldansa.com.br\/index.php?rest_route=%2Fwp%2Fv2%2Fcomments&post=205"}],"version-history":[{"count":30,"href":"https:\/\/pedrobaldansa.com.br\/index.php?rest_route=\/wp\/v2\/pages\/205\/revisions"}],"predecessor-version":[{"id":772,"href":"https:\/\/pedrobaldansa.com.br\/index.php?rest_route=\/wp\/v2\/pages\/205\/revisions\/772"}],"wp:attachment":[{"href":"https:\/\/pedrobaldansa.com.br\/index.php?rest_route=%2Fwp%2Fv2%2Fmedia&parent=205"}],"curies":[{"name":"wp","href":"https:\/\/api.w.org\/{rel}","templated":true}]}}